 5*b = w + 269. Let l = 150 + w. Let m = 128 + l. Let a(f) = -f**2 - 2*f. Calculate a(m).
1
Let d(u) = -2*u - 6. Suppose 2*f - 102*f + 364 = -9*f. Let o(t) = 2*t + 1 + 2 + 3. Let x(s) = f*d(s) + 3*o(s). Calculate x(-5).
4
Let l(w) = 8 + 746*w - 46 - 782*w. Calculate l(-1).
-2
Let r(x) = -x**3 - 6*x**2 - x + 5. Let d be (-1)/(-3) - (-5)/3. Let k be ((-18)/24)/(d + 34/(-16)). Suppose 5*p = p + 5*a - 5, -3*p + 3*a = k. What is r(p)?
-15
Let a(n) = 2*n**3 + 15*n**2 + 13*n + 8. Let y = -24 + 27. Let x(i) = 31*i**y - 7*i + i - 7*i**2 - 4 - 32*i**3. Let d(q) = -4*a(q) - 9*x(q). Give d(-3).
-2
Let x(p) = 6*p**2 + 2*p + 75. Let f(t) = -5*t**2 - t - 67. Let b(s) = -8*f(s) - 7*x(s). Determine b(7).
-129
Let h(f) be the third derivative of -3*f**5/10 - f**4/8 - 2852*f**2. Calculate h(-1).
-15
Suppose -4370*v - 56 = -4378*v. Let s(l) = l - 9*l + 4*l + 23. What is s(v)?
-5
Let a(m) = -m**3 + 21*m**2 - 38*m + 3. Suppose 2*u + 608 = -v + 610, -3*v + u = -6. What is a(v)?
3
Let j(r) be the first derivative of 7*r**4/24 + 73*r**2 - 99. Let b(q) be the second derivative of j(q). Give b(2).
14
Let u(h) = 6*h + 65. Let c be (1 + -1 + 1)/((-8)/(-104)). Let l(f) = -c*f + 13 + 0 + 14*f. Let w(b) = -11*l(b) + 2*u(b). What is w(14)?
1
Let p(i) = -i**2 + 6*i + 7. Let k(n) = 7 + 24*n**2 + n**3 + 10 + 9*n**2 - 69*n + 24. Let x be k(-35). What is p(x)?
7
Let y(t) be the first derivative of 43 + 5*t + 1/2*t**2. Determine y(-6).
-1
Let u(a) = 125*a + 3. Suppose 1319*m - 1320*m + 4 - 4 = 0. Give u(m).
3
Let c(h) = h**3 + 17*h**2 + 3*h + 54. Let q be c(-17). Let k(d) = 8*d - 32. What is k(q)?
-8
Let z(u) be the second derivative of 1/6*u**3 + 3/2*u**2 - 21 - u. Calculate z(-3).
0
Let w(h) = 11*h - 31. Suppose 5*p = 2*x + 2, -2*x - 12*p + 14 = -9*p. Calculate w(x).
13
Let q be 24*9*(-4)/(-16). Suppose q = 3*v + 129. Let p be (-5)/v*10/2. Let s(z) = -20*z. Calculate s(p).
-20
Let v(z) = z**3 - 11*z**2 - 14*z + 27. Let c = -2108 + 2120. Calculate v(c).
3
Let c(g) = 3*g**2 - 4 + 0 + 5. Let d be 54/(-4)*5740/246. Let i = d - -314. Determine c(i).
4
Let k(s) = -s - 17. Let n(d) = -41 - 28 - d + 52. Let i(w) = 4*k(w) - 5*n(w). What is i(-14)?
3
Let w be 0 + 1 - (-5 - 2). Suppose 26*q - w = 22*q. Let h(o) = -4*o**3 + 3*o**2 - 3*o + 2. Give h(q).
-24
Let l(r) be the first derivative of 1/2*r**2 + 10 - 1/6*r**3 + 26*r. Let n(s) be the first derivative of l(s). Calculate n(5).
-4
Suppose -7*m = 4*m - 57 + 24. Let b(x) be the third derivative of -14*x**2 - 1/24*x**4 + 0 + 0*x + 1/60*x**5 - 1/3*x**m. Calculate b(-3).
10
Suppose 6 = 4*g + 2*q - 8, 3*g = 3*q + 24. Let j(z) = -2*z**2 - 3 + z + z**3 + 3*z**2 - 5*z**2 - z**2. Determine j(g).
2
Suppose -40*n + 8*n - 96 = 0. Let w(p) be the first derivative of 5*p**2/2 + 5*p - 206. Calculate w(n).
-10
Let q(u) = 3*u + 1. Let v(c) = 2*c + 9 + 2 - 38. Let t be v(13). Let l be t*(2/(-6) + 50/15). Calculate q(l).
-8
Let x(i) = -i**3 - 6*i**2 + 20*i + 4. Suppose -5*f - 29 = -4*h, -4*f - 8*h = -11*h + 24. Give x(f).
67
Let v(y) = -16*y**2 + 5*y - 1. Let s be (-2 - (-5)/3)*(-24)/(-8). Calculate v(s).
-22
Let o(f) = -13 + 89*f - 30*f - 21*f - 31*f. What is o(3)?
8
Let d = -19 - -19. Let h be d - (-1)/((-4)/(-12)). Let r(a) be the second derivative of -a**4/6 + a**3/2 - 3*a**2/2 + 2*a + 3. What is r(h)?
-12
Let r(f) = 11*f - 15. Let o(k) = 4*k - 9. Let p(j) = 7*o(j) - 3*r(j). What is p(-4)?
2
Let f be -4*4/(-64) + 75/20. Let c(v) = -v**3 + 2*v**2 + 2*v + 13. Determine c(f).
-11
Let s(f) be the second derivative of 1/2*f**4 + 5/6*f**3 - f - 1 + 1/20*f**5 + 5/2*f**2. Let n be 2*2/4*-5. Give s(n).
5
Let d(r) = 125701*r**2 - 14*r - 3*r - 30 - 125702*r**2. Determine d(-2).
0
Let v(f) = 19*f - 20. Suppose i = -2*o - 9 + 14, 0 = 5*i + 15. Give v(o).
56
Suppose 3*b = 5*b + 5*o + 33, 9 = 4*b - 5*o. Suppose -7928*v = -7921*v - 42. Let h(c) = -2*c + 30*c**2 + v*c - 6*c - 3 - 34*c**2 - c**3. Give h(b).
5
Let f(a) = 117*a + 481. Let h be f(-4). Let s(z) = -z**3 + 11*z**2 + 28*z - 30. Determine s(h).
-4
Let i(x) = -16 - 1 + 6*x + 23 + 17 - 14*x. Calculate i(5).
-17
Suppose 10 = h + 8. Let u(t) = -h + 2 + t**2 - 9*t - 14. Give u(11).
8
Let y(q) = 27 - 5*q - 114 + 37 + 35. Calculate y(-8).
25
Let k = -46 - -46. Let a(i) = 0 + 2*i**3 + k - 3*i**3 - 4*i + 7*i**2. Suppose -7*p - 24 = -11*p. Give a(p).
12
Let l(i) be the third derivative of i**4/12 + i**3 + i**2 - 1497*i. Let w(j) = j - 11. Let z be w(6). Determine l(z).
-4
Let s(v) = -90*v - 1711. Let b be s(-19). Let a(q) = 31*q**3 + q**2 - 2*q - 1. Determine a(b).
-29
Let r(t) be the first derivative of -t**3/3 + 3*t**2 + 8*t + 2. Suppose -69 = 5*h - 199. Suppose 0 = 3*i + n - 22, -5*n + h + 0 = i. Give r(i).
8
Let j(d) be the second derivative of d**6/720 + d**5/24 - 25*d**4/6 + 78*d. Let u(v) be the third derivative of j(v). Give u(-3).
2
Let a = -365 + 365. Let v(t) = 3*t + 1 - 494*t**2 + 497*t**2 + a*t. Calculate v(-2).
7
Let x = 25864 + -25867. Let t(v) = -3*v - 19. Calculate t(x).
-10
Let g(m) = 54*m + 3 + m**3 - 3*m**3 - 57*m + 6*m**2 + 3*m**3. What is g(-7)?
-25
Suppose 0 = -3*w - r + 503, -12*w + 9*w + 2*r = -488. Let v = w - 168. Let u(o) = 9*o**2 + 2. Give u(v).
38
Let g(h) = -4. Suppose 33*u - 37*u + 3*x + 4 = 0, 4*u = 5*x + 12. Let q(k) = -k**2 - 6*k. Let j(z) = u*g(z) + q(z). What is j(-6)?
8
Let l(g) = g**3 - 2*g**2 - 7*g + 5. Suppose 0 = -q - 6, 5*w - 44 = 4*q. What is l(w)?
9
Let p(q) be the third derivative of 9*q**4/2 - 17*q**3/6 + q**2 + 2462*q. What is p(1)?
91
Suppose 0*g - 16 = -4*g, -5*k = 5*g - 125. Let y = k - 13. Let o(d) = 19*d - 15*d - 6*d + 0 + 4 + 5. Calculate o(y).
-7
Let i(u) = -9*u**2 - 7*u - 14. Let t(y) = y**2 - 16*y - 2. Let a(m) = i(m) - 6*t(m). Give a(6).
-8
Let t(j) be the first derivative of j**3/3 + j**2/2 + 7*j + 53. Let d be t(0). Let u(c) = -c**3 + 7*c**2 - 3*c + 10. Give u(d).
-11
Let u(l) = l**2 + 6*l. Let k(z) = -17*z**2 - 99*z - 31. Let q(b) = -k(b) - 14*u(b). Give q(-3).
13
Suppose -4*k - 4*n - 16 = 0, -2*k + 18*n = 23*n - 16. Let g(q) = q**3 + 10*q**2 - 25*q - 38. Give g(k).
-26
Let w(i) = -8*i**3 + 9*i**2 + 16*i - 12. Let x(h) = -3*h**3 - 2*h**2 + h - 2. Let q(c) = -w(c) + 3*x(c). Suppose -4*z - 61 = -5. Give q(z).
-8
Let r(u) = -u**2 - 23*u - 10. Let j = -8806 - -8783. Calculate r(j).
-10
Let r(f) be the first derivative of 7*f + 1/3*f**3 - 70 - 3*f**2. Determine r(5).
2
Let v(g) = -13*g**3 + 57*g**2 - 35*g + 45. Let a(z) = -3*z**3 + 14*z**2 - 9*z + 11. Let y(c) = 9*a(c) - 2*v(c). Suppose 163 = 30*i - 167. Give y(i).
9
Suppose 4*k - 6*a + 7*a - 30 = 0, -2*a = 3*k - 30. Let j(y) = -y**2 + 9*y - 15. Determine j(k).
3
Let y(o) = 5*o + 13. Suppose -5*v - 20 = -p, 0 = p + 31*v - 32*v. Calculate y(p).
-12
Let r(l) = 890*l - 11585. Let z be r(13). Let j(d) = -2*d - 40. What is j(z)?
-10
Suppose -47 = -5*i - 4*n, i + 32 = 6*i - n. Let g(a) be the second derivative of -a**3/6 + 3*a**2 - 1409*a. Determine g(i).
-1
Suppose a - 11 = n + n, 3 = a. Let p(v) be the second derivative of -v**3/3 - 7*v**2/2 + 6*v. Let s(q) = -4*q - 13. Let l(r) = -5*p(r) + 3*s(r). Calculate l(n).
4
Let r(y) = 9*y + 107. Suppose 4*s + 2*x + 50 = 0, -4*s - 3*x + 1055 = 1106. What is r(s)?
-1
Let k(d) = 64 + 129*d - 116 - 116*d - 118. Determine k(13).
-1
Suppose 3*r = 3, 18*x - 15*x = 3*r. Suppose -x = q - 5*s + 3, -1 = -5*q + 4*s. Let v(l) = 5*l**2 - l + 1. Calculate v(q).
5
Let q = -649 + 653. Let k(b) = 9*b - 30. Determine k(q).
6
Let w be 62/4 - 19/38. Let c(t) = -t**3 + 14*t**2 + 21*t + 7. Calculate c(w).
97
Suppose 0 = 3*g - 18 + 12. Let r(a) = -5*a**2 + 0*a + 7*a**g + 5*a - 2*a**3 + 2 - 6*a. What is r(2)?
-8
Let w = -184 - -244. Let c = -62 + w. Let f(k) = -k**2 - 2. What is f(c)?
-6
Let s be (-1)/2*0*6/(-48). Let y(p) be the second derivative of -2*p**3/3 - 5*p**2 - 25*p. Let j(q) = -5*q - 10. Let b(z) = 3*j(z) - 4*y(z). Determine b(s).
10
Suppose -26*d + 240 = 19*d - 5*d. Let f(r) be the third derivative of -r**6/120 + r**5/10 - 5*r**4/24 + 2*r**3/3 - 20*r**2. Calculate f(d).
-26
Let z(m) = -29*m**2 + 12*m + 147. Let f(i) = -4*i**2 - 2*i + 7. Let j(s) = 7*f(s) - z(s). Calculate j(29).
-11
Let m(o) = o**2 - 83*o + 488. Let l be m(77). Let q(i) = -2*i**2 + 51*i + 21. What is q(l)?
-5
Let t(x) = 6*x - 1. Let l(r) = 3*r + 3. Let a(z) = l(z) - t(z). What is a(0)?
4
Let u(g) = 4*g**2 - 2*g + 2. Let 